 - 2. List the prime factors of g(y).
2, 3
Let w = -447 + 513. List the prime factors of w.
2, 3, 11
Suppose 3015 - 1116 = 9*p. List the prime factors of p.
211
Let u(z) = 4*z + 44. Let q be u(-23). Let t = 99 + q. List the prime factors of t.
3, 17
Let q = -68 + 182. What are the prime factors of q?
2, 3, 19
Let s = -112 - -117. Suppose -y - s*c + 193 = 0, -2*c = -0*y + 3*y - 527. What are the prime factors of y?
173
Suppose -156 = -3*t + t + 2*m, 3*t = -3*m + 228. Suppose -3*h + t = 23. What are the prime factors of h?
2, 3
Suppose 4*y = 0, -2*y + 3*y = 2*f - 1416. List the prime factors of f.
2, 3, 59
Let q = -50 - -63. Suppose 0 = -q*a + 21*a - 1504. What are the prime factors of a?
2, 47
Let p(x) = -3 + 5 + 5 + 7*x. Let q = -154 + 157. List the prime factors of p(q).
2, 7
Suppose -6 - 71 = -7*g. Suppose 13*l = g*l + 196. What are the prime factors of l?
2, 7
Let k(w) = 22*w - 8. List the prime factors of k(2).
2, 3
Suppose -4 = -2*z, d - 1132 = 29*z - 26*z. List the prime factors of d.
2, 569
Suppose 0 = 4*l + 5*d - 1082, 14*l - 1100 = 10*l + 4*d. Suppose -m + l = -0*y + 4*y, 2*m = 2. What are the prime factors of y?
2, 17
List the prime factors of (-3008)/(-8) + (-2 - 9/(-3)).
13, 29
Let r = 5897 - 2602. List the prime factors of r.
5, 659
Let l be 0 - -1 - 142/2. List the prime factors of (-597)/(-7) + 20/l.
5, 17
Let d(v) = -v**3 + 8*v**2 + 9*v + 3. Let m be d(9). Let f(r) = 6*r**3 + 2*r + 2*r**2 - 31*r**m - r. List the prime factors of f(-1).
2, 13
Let q = -662 + 1177. List the prime factors of q.
5, 103
Let d(k) = k**3 - 6*k**2 + 5*k + 5. Let x be d(5). Suppose -x*v + 151 = -289. List the prime factors of v.
2, 11
Suppose -5*c + 975 = -5*b, 6*c + b - 969 = c. Suppose c = 3*j - 124. List the prime factors of j.
2, 53
Let u = 1085 - -1529. What are the prime factors of u?
2, 1307
Suppose -4*f + 238 = t, 5*f - 11 = 9. Let d(x) = x**2 - 2*x - 3. Let g be d(3). Suppose g = 4*q + 2*q - t. List the prime factors of q.
37
Let f(l) = 10*l - 1. Suppose -r + 2*r = 3, -4*b = -3*r - 67. Let q = 21 - b. What are the prime factors of f(q)?
19
Let r = 1418 + -802. List the prime factors of r.
2, 7, 11
Let a(m) = m**3 + 15*m**2 + 5*m + 7. Let k be a(-11). Let i be 2/(-4) + k/8. Let s = i + -33. What are the prime factors of s?
3, 7
List the prime factors of 228 + (7 - (-1 - -3)).
233
Let d be 3 + (4 - 2) + 0. Suppose 0 = 2*s + y - 114, -2*s = s - d*y - 184. What are the prime factors of s?
2, 29
Let c(p) = -9*p**3 - 12*p**2 + p - 6. What are the prime factors of c(-5)?
2, 11, 37
Suppose 0 = -4*x - 3*y - 28, 0 = -2*x + y - 6*y. Let b = x + 26. What are the prime factors of b?
2
Let n(s) = s**3 - s**2 + 12*s - 4. Let b(r) = r**3 - 2*r**2 + 11*r - 3. Let q(g) = 6*b(g) - 5*n(g). What are the prime factors of q(6)?
2
Let c = 66 + -12. Suppose 46 = 5*v - c. Let u = v + 10. List the prime factors of u.
2, 3, 5
Suppose 5*j = 2*k + 33, 0 = 3*j + 2*k - 5*k - 27. Suppose 0 = 2*v + 3*i + 2*i + 165, -375 = 4*v - 5*i. What are the prime factors of (-6)/10*(j + v)?
3, 17
Let m be -5*-2*2/5. Suppose m*g - 16 = -0. What are the prime factors of g/(4/3) - -21?
2, 3
Suppose -2*f - a + 901 = -106, 0 = 5*f - 4*a - 2537. List the prime factors of f.
5, 101
Let y(o) = o**3 + o**2 + o. Let v(g) = -4*g**3 - 2*g**2 - 6*g - 1. Let k(s) = -v(s) - 5*y(s). Let l be k(-3). List the prime factors of (4 - 3) + (-26)/l.
2, 7
Let o = 10 - 10. Suppose -11*i + 16*i - 20 = o. Suppose -i*b + 88 = -88. What are the prime factors of b?
2, 11
Let a = -44 + 77. Let u be 8/3 - 6/9. Suppose -3*y - 79 = -u*w, -2*w - y = -26 - a. List the prime factors of w.
2
Let l(q) = q - 5. Let z be l(-9). Let k(a) = -7*a - 35. Let h be k(z). Suppose -h = -s + 5*x, 0*s + 2*s = -5*x + 126. What are the prime factors of s?
3, 7
Let z = -216 - -220. Let l(r) = -25*r + 25. Let w(i) = i - 1. Let f(q) = -l(q) - 20*w(q). What are the prime factors of f(z)?
3, 5
Let b = 110 - 130. List the prime factors of b*((-4)/(-2) - (-7)/(-2)).
2, 3, 5
Let o be (-64)/10 - 6/(-15). Let a(j) = -10*j**2 + j - 2*j**3 - 3*j**2 + 2 + 8*j**2 + j**3 - 1. What are the prime factors of a(o)?
31
Suppose -4*q = 4*v - q - 2302, -5*v + q + 2868 = 0. List the prime factors of v.
2, 7, 41
Let i = -987 + 1505. List the prime factors of i.
2, 7, 37
Let a = 5 + -4. Let c be (-2 + 0)*(a + -2). Suppose c*k - 6*k = -224. What are the prime factors of k?
2, 7
List the prime factors of 4/(-14) - (-55320)/168.
7, 47
Suppose -4*y = -8, 2*y - 3 = 4*d - 7. Suppose 6 = v + d*v. Suppose 6*i - 268 = v*i. List the prime factors of i.
67
Suppose -v - 4 = -3*w, -10*v = -2*w - 6*v - 14. Let z(l) = 3*l**2 - 2*l + 4. What are the prime factors of z(w)?
5
Suppose -4*c + 15070 = 5*a + 4235, 0 = 2*a - 3*c - 4311. What are the prime factors of a?
3, 7, 103
What are the prime factors of (-12)/(-18) - 13444/(-12)?
19, 59
Let s(x) = -x - 1. Let h = -10 - -14. Let u(d) = -9*d**2 - 6*d. Let c(v) = h*s(v) - u(v). What are the prime factors of c(2)?
2, 3
Let z be (-21)/14*(-200)/6. Suppose 9 = a - z. List the prime factors of a.
59
Let y = -32 - -37. Suppose y*k - 354 = 51. List the prime factors of k.
3
Let t = -1933 + 1950. Let y(l) = l - 5. Let k be y(4). List the prime factors of (t - (0 + 0)) + k.
2
Let t(i) = -470*i + 180. What are the prime factors of t(-2)?
2, 5, 7
Suppose -3858 - 4410 = -6*v. What are the prime factors of v?
2, 13, 53
Suppose 0 = 7*w - 2*w - 25. Suppose w*f - 185 = -5*v + 135, 0 = 4*v - 4*f - 240. What are the prime factors of v?
2, 31
Suppose -20 = 5*i, -5*g + 2*i = -8*g + 1180. List the prime factors of g.
2, 3, 11
Let p(g) = -g**3 - 6*g**2 + 4*g - 5. Let v be p(-7). Suppose v = -0*f + 2*f. Let n(q) = -q**2 + 11*q - 7. What are the prime factors of n(f)?
17
Let w be 5*(-2)/(-10)*2. Suppose -w*x - 5*x = -168. Let b = 30 - x. List the prime factors of b.
2, 3
Suppose 1880 = 2*i - 3*o, 24*o - 25*o = 4*i - 3774. What are the prime factors of i?
23, 41
Suppose 262*d = 255*d + 13559. What are the prime factors of d?
13, 149
Let u(t) be the third derivative of t**4/24 + 5*t**3/3 - 5*t**2. Let l be u(-7). Suppose -4*k = -4*o + 76, -2*o - 35 = -4*o + l*k. List the prime factors of o.
2, 11
Suppose -u + 12 = 3*u. Let q = 37 + u. List the prime factors of q.
2, 5
Suppose 2*u - 2857 = 1173. What are the prime factors of u?
5, 13, 31
Let i(j) = 55*j + 59. What are the prime factors of i(7)?
2, 3, 37
Let r(x) = -13 + 5 - 2*x + x. Let v be r(-13). Suppose 3*w + 2*d - 6*d - 64 = 0, 0 = 3*w + v*d - 109. What are the prime factors of w?
2, 7
Let w(a) = -217*a - 57. What are the prime factors of w(-3)?
2, 3, 11
List the prime factors of -30*(-47 + 8 + -2).
2, 3, 5, 41
Let c = 1620 - 599. What are the prime factors of c?
1021
Let b(s) = -s**2 - 2*s + 3. Let a(i) = i**2 + 7*i - 8. Let f be a(-8). Let m be b(f). Let x = m + 6. List the prime factors of x.
3
Let b = 440 - 133. List the prime factors of b.
307
Let z(f) be the first derivative of -f**4/4 - 10*f**3/3 + 15*f**2/2 - 7*f - 8. Let i be z(-11). Let t = i + 98. What are the prime factors of t?
47
Let k(d) = -24*d - 3. Let p(m) = -48*m - 5. Let b(s) = 11*k(s) - 6*p(s). What are the prime factors of b(2)?
3, 5
Let z(p) = 2*p - 1. Let n(f) = 5*f - 3. Let t(x) = 3*n(x) - 5*z(x). Let r be t(9). Let l = 57 - r. What are the prime factors of l?
2
Let k(l) = 68*l - 63. List the prime factors of k(10).
617
Let h(w) = 6*w**2 - 56*w + 6. What are the prime factors of h(-4)?
2, 163
Suppose -39*g + 44*g + 5750 = 2*m, 0 = 4*g + 8. What are the prime factors of m?
2, 5, 7, 41
Let v be (1 + 198)/1*1. Let l = 436 - v. List the prime factors of l.
3, 79
Let i be 2/8 - (-226)/(-8). Let y = i - -80. What are the prime factors of y?
2, 13
Let q = -1401 - -2889. What are the prime factors of q?
2, 3, 31
Suppose -3*r = -6 - 3. Suppose -r*f - 4*f = -14. What are the prime factors of (1 + -58 - f)*-1?
59
Suppose -3*p - 4431 = -4*k + 2*k, 5*k - 3*p - 11082 = 0. What are the prime factors of k?
3, 739
Suppose 2*b + 3*a - 13 = 0, -5*b + a = -0*b - 7. Suppose 2*t = -b*t + 260. What are the prime factors of t?
5, 13
Let y(d) = -21*d**3 + d**2 + d + 1. Let n(o) = 2*o + 10. Let f be n(-7). Let g = -5 - f. What are the prime factors of y(g)?
2, 11
Let u = 1732 - 591. List the prime factors of u.
7, 163
Let v be 11/1 + (-7 - -3). Suppose -v*